the remainder when 175 is divided by 79.
17
What is the remainder when 350 is divided by 115?
5
Calculate the remainder when 795 is divided by 175.
95
What is the remainder when 9656 is divided by 115?
111
What is the remainder when 768 is divided by 43?
37
Calculate the remainder when 1680 is divided by 419.
4
What is the remainder when 12 is divided by 1?
0
What is the remainder when 5771 is divided by 74?
73
Calculate the remainder when 6782 is divided by 174.
170
Calculate the remainder when 1006 is divided by 28.
26
Calculate the remainder when 6348 is divided by 87.
84
What is the remainder when 33 is divided by 7?
5
What is the remainder when 399 is divided by 25?
24
What is the remainder when 75 is divided by 16?
11
Calculate the remainder when 276 is divided by 19.
10
What is the remainder when 178 is divided by 53?
19
Calculate the remainder when 186 is divided by 10.
6
Calculate the remainder when 10888 is divided by 121.
119
What is the remainder when 256 is divided by 13?
9
What is the remainder when 347 is divided by 116?
115
Calculate the remainder when 1019 is divided by 102.
101
What is the remainder when 979 is divided by 5?
4
What is the remainder when 238 is divided by 5?
3
Calculate the remainder when 142 is divided by 23.
4
Calculate the remainder when 92 is divided by 34.
24
Calculate the remainder when 554 is divided by 116.
90
What is the remainder when 571 is divided by 100?
71
Calculate the remainder when 601 is divided by 13.
3
What is the remainder when 766 is divided by 3?
1
What is the remainder when 128 is divided by 6?
2
Calculate the remainder when 600 is divided by 293.
14
What is the remainder when 3947 is divided by 25?
22
Calculate the remainder when 128 is divided by 49.
30
What is the remainder when 2702 is divided by 41?
37
What is the remainder when 236 is divided by 79?
78
What is the remainder when 79 is divided by 18?
7
What is the remainder when 1303 is divided by 431?
10
What is the remainder when 1005 is divided by 80?
45
What is the remainder when 196 is divided by 58?
22
Calculate the remainder when 89 is divided by 9.
8
Calculate the remainder when 123 is divided by 33.
24
Calculate the remainder when 165 is divided by 61.
43
What is the remainder when 22040 is divided by 237?
236
What is the remainder when 373 is divided by 17?
16
What is the remainder when 681 is divided by 77?
65
Calculate the remainder when 44 is divided by 26.
18
Calculate the remainder when 1159 is divided by 14.
11
What is the remainder when 3994 is divided by 17?
16
What is the remainder when 160 is divided by 94?
66
What is the remainder when 52 is divided by 20?
12
Calculate the remainder when 1386 is divided by 267.
51
Calculate the remainder when 2940 is divided by 1465.
10
Calculate the remainder when 1971 is divided by 15.
6
Calculate the remainder when 191 is divided by 17.
4
Calculate the remainder when 2020 is divided by 114.
82
Calculate the remainder when 263 is divided by 28.
11
What is the remainder when 1198 is divided by 595?
8
What is the remainder when 207 is divided by 14?
11
Calculate the remainder when 2463 is divided by 614.
7
Calculate the remainder when 1803 is divided by 42.
39
Calculate the remainder when 80 is divided by 32.
16
Calculate the remainder when 11432 is divided by 110.
102
Calculate the remainder when 402 is divided by 13.
12
What is the remainder when 552 is divided by 31?
25
What is the remainder when 644 is divided by 124?
24
What is the remainder when 8908 is divided by 16?
12
Calculate the remainder when 8159 is divided by 11.
8
Calculate the remainder when 261 is divided by 4.
1
Calculate the remainder when 15546 is divided by 52.
50
What is the remainder when 146 is divided by 105?
41
Calculate the remainder when 213 is divided by 5.
3
Calculate the remainder when 52 is divided by 9.
7
Calculate the remainder when 779 is divided by 45.
14
Calculate the remainder when 454 is divided by 74.
10
Calculate the remainder when 678 is divided by 17.
15
Calculate the remainder when 252 is divided by 15.
12
Calculate the remainder when 3263 is divided by 16.
15
Calculate the remainder when 178 is divided by 25.
3
What is the remainder when 501 is divided by 118?
29
Calculate the remainder when 1056 is divided by 23.
21
Calculate the remainder when 262 is divided by 51.
7
What is the remainder when 3194 is divided by 15?
14
What is the remainder when 3891 is divided by 20?
11
What is the remainder when 65 is divided by 44?
21
Calculate the remainder when 1164 is divided by 128.
12
Calculate the remainder when 179 is divided by 23.
18
Calculate the remainder when 6334 is divided by 35.
34
Calculate the remainder when 1491 is divided by 57.
9
What is the remainder when 1763 is divided by 49?
48
What is the remainder when 101 is divided by 18?
11
What is the remainder when 1311 is divided by 120?
111
What is the remainder when 9 is divided by 3?
0
Calculate the remainder when 574 is divided by 18.
16
Calculate the remainder when 1214 is divided by 24.
14
Calculate the remainder when 721 is divided by 711.
10
Calculate the remainder when 1391 is divided by 41.
38
Calculate the remainder when 1156 is divided by 43.
38
Calculate the remainder when 60 is divided by 6.
0
What is the remainder when 486 is divided by 82?
76
What is the remainder when 428 is divided by 417?
11
Calculate the remainder when 61 is divided by 42.
19
What is the remainder when 197 is divided by 67?
63
What is the remainder when 10547 is divided by 10?
7
Calculate the remainder when 11027 is divided by 39.
29
What is the remainder when 1454 is divided by 91?
89
What is the remainder when 558 is divided by 8?
6
Calculate the remainder when 586 is divided by 118.
114
Calculate the remainder when 168 is divided by 52.
12
What is the remainder when 68 is divided by 27?
14
What is the remainder when 68 is divided by 7?
5
What is the remainder when 524 is divided by 90?
74
What is the remainder when 185 is divided by 104?
81
Calculate the remainder when 126 is divided by 53.
20
Calculate the remainder when 161 is divided by 13.
5
Calculate the remainder when 49 is divided by 27.
22
What is the remainder when 328 is divided by 304?
24
Calculate the remainder when 232 is divided by 24.
16
What is the remainder when 1287 is divided by 448?
391
What is the remainder when 448 is divided by 131?
55
What is the remainder when 8894 is divided by 64?
62
Calculate the remainder when 28 is divided by 19.
9
What is the remainder when 38 is divided by 10?
8
Calculate the remainder when 121 is divided by 18.
13
Calculate the remainder when 10057 is divided by 272.
265
Calculate the remainder when 416 is divided by 105.
101
Calculate the remainder when 1042 is divided by 198.
52
What is the remainder when 2711 is divided by 183?
149
Calculate the remainder when 89 is divided by 23.
20
Calculate the remainder when 1598 is divided by 51.
17
Calculate the remainder when 18 is divided by 2.
0
What is the remainder when 1264 is divided by 9?
4
Calculate the remainder when 63 is divided by 41.
22
Calculate the remainder when 443 is divided by 89.
87
Calculate the remainder when 34 is divided by 9.
7
What is the remainder when 300 is divided by 101?
98
What is the remainder when 80 is divided by 25?
5
What is the remainder when 643 is divided by 129?
127
What is the remainder when 4758 is divided by 23?
20
What is the remainder when 4620 is divided by 49?
14
What is the remainder when 442 is divided by 87?
7
Calculate the remainder when 138 is divided by 28.
26
Calculate the remainder when 3450 is divided by 29.
28
What is the remainder when 218 is divided by 10?
8
What is the remainder when 14 is divided by 2?
0
What is the remainder when 2309 is divided by 35?
34
Calculate the remainder when 206 is divided by 21.
17
What is the remainder when 11702 is divided by 141?
140
What is the remainder when 225 is divided by 12?
9
Calculate the remainder when 784 is divided by 57.
43
Calculate the remainder when 39 is divided by 13.
0
Calculate the remainder when 1696 is divided by 75.
46
What is the remainder when 186 is divided by 40?
26
What is the remainder when 1559 is divided by 154?
19
What is the remainder when 269 is divided by 28?
17
What 